{"id":29,"date":"2022-04-20T10:53:34","date_gmt":"2022-04-20T10:53:34","guid":{"rendered":"https:\/\/www.containervermietung-maierhofer.de\/?page_id=29"},"modified":"2022-09-23T11:48:15","modified_gmt":"2022-09-23T11:48:15","slug":"home","status":"publish","type":"page","link":"https:\/\/www.containervermietung-maierhofer.de\/","title":{"rendered":"CONTAINERVERMIETUNG"},"content":{"rendered":"<p>[et_pb_section fb_built=&#8220;1&#8243; fullwidth=&#8220;on&#8220; _builder_version=&#8220;4.17.1&#8243; _module_preset=&#8220;default&#8220; locked=&#8220;off&#8220; global_colors_info=&#8220;{}&#8220;][et_pb_fullwidth_image src=&#8220;https:\/\/www.containervermietung-maierhofer.de\/wp-content\/uploads\/2022\/04\/titel-container-maierhofer5-1.jpg&#8220; title_text=&#8220;titel-container-maierhofer5&#8243; _builder_version=&#8220;4.17.1&#8243; _module_preset=&#8220;default&#8220; global_colors_info=&#8220;{}&#8220;][\/et_pb_fullwidth_image][\/et_pb_section][et_pb_section fb_built=&#8220;1&#8243; admin_label=&#8220;Footer&#8220; _builder_version=&#8220;4.17.1&#8243; _module_preset=&#8220;default&#8220; background_color=&#8220;#FFFFFF&#8220; custom_padding=&#8220;4px||4px|||&#8220; locked=&#8220;off&#8220; global_colors_info=&#8220;{}&#8220;][et_pb_row _builder_version=&#8220;4.17.1&#8243; _module_preset=&#8220;default&#8220; module_alignment=&#8220;center&#8220; custom_padding=&#8220;||55px|||&#8220; global_colors_info=&#8220;{}&#8220;][et_pb_column type=&#8220;4_4&#8243; _builder_version=&#8220;4.17.1&#8243; _module_preset=&#8220;default&#8220; global_colors_info=&#8220;{}&#8220;][et_pb_text _builder_version=&#8220;4.17.1&#8243; _module_preset=&#8220;default&#8220; text_font=&#8220;Montserrat||||||||&#8220; text_font_size=&#8220;16px&#8220; text_line_height=&#8220;2em&#8220; link_font=&#8220;Montserrat||||||||&#8220; link_text_color=&#8220;#666666&#8243; link_font_size=&#8220;16px&#8220; link_line_height=&#8220;2em&#8220; header_6_font=&#8220;Montserrat|700||on|||||&#8220; header_6_text_color=&#8220;#2b343b&#8220; header_6_letter_spacing=&#8220;3px&#8220; header_6_line_height=&#8220;2em&#8220; width=&#8220;100%&#8220; max_width=&#8220;100%&#8220; text_font_size_tablet=&#8220;14px&#8220; text_font_size_phone=&#8220;&#8220; text_font_size_last_edited=&#8220;on|phone&#8220; link_font_size_tablet=&#8220;14px&#8220; link_font_size_phone=&#8220;14px&#8220; link_font_size_last_edited=&#8220;on|phone&#8220; locked=&#8220;off&#8220; global_colors_info=&#8220;{}&#8220;]<\/p>\n<h6 style=\"text-align: center;\"><span style=\"color: #000000; font-size: large;\">So finden Sie uns<\/span><\/h6>\n<p style=\"text-align: center;\"><span style=\"color: #000000;\">August-Unterholzner-Str. 6 \u00b7 84543 Winh\u00f6ring<\/span><br \/><span style=\"color: #ffffff;\"><span style=\"color: #000000;\">Tel. 08671 &#8211; 92 90 3-0 \u00b7 info@containervermietung-maierhofer.de<\/span><br \/><\/span><\/p>\n<p>[\/et_pb_text][\/et_pb_column][\/et_pb_row][\/et_pb_section][et_pb_section fb_built=&#8220;1&#8243; admin_label=&#8220;Footer&#8220; _builder_version=&#8220;4.17.1&#8243; _module_preset=&#8220;default&#8220; background_color=&#8220;#6B6B6B&#8220; custom_padding=&#8220;4px||4px|||&#8220; locked=&#8220;off&#8220; global_colors_info=&#8220;{}&#8220;][et_pb_row _builder_version=&#8220;4.17.1&#8243; _module_preset=&#8220;default&#8220; module_alignment=&#8220;center&#8220; custom_padding=&#8220;35px||55px|69px||&#8220; global_colors_info=&#8220;{}&#8220;][et_pb_column type=&#8220;4_4&#8243; _builder_version=&#8220;4.17.1&#8243; _module_preset=&#8220;default&#8220; global_colors_info=&#8220;{}&#8220;][et_pb_text _builder_version=&#8220;4.17.1&#8243; _module_preset=&#8220;default&#8220; text_font=&#8220;Montserrat||||||||&#8220; text_text_color=&#8220;#FFFFFF&#8220; text_font_size=&#8220;16px&#8220; text_line_height=&#8220;2em&#8220; link_font=&#8220;Montserrat||||||||&#8220; link_text_color=&#8220;#666666&#8243; link_font_size=&#8220;16px&#8220; link_line_height=&#8220;2em&#8220; header_6_font=&#8220;Montserrat|700||on|||||&#8220; header_6_text_color=&#8220;#2b343b&#8220; header_6_letter_spacing=&#8220;3px&#8220; header_6_line_height=&#8220;2em&#8220; width=&#8220;100%&#8220; max_width=&#8220;100%&#8220; text_font_size_tablet=&#8220;14px&#8220; text_font_size_phone=&#8220;&#8220; text_font_size_last_edited=&#8220;on|phone&#8220; link_font_size_tablet=&#8220;14px&#8220; link_font_size_phone=&#8220;14px&#8220; link_font_size_last_edited=&#8220;on|phone&#8220; locked=&#8220;off&#8220; global_colors_info=&#8220;{}&#8220;]<\/p>\n<h6 style=\"text-align: center;\"><span style=\"color: #ffffff; font-size: large;\">\u00a0\u00a0\u00a0\u00a0\u00a0 Heute Mieten &#8211; Morgen einr\u00e4umen!<br \/><\/span><\/h6>\n<p style=\"text-align: center;\"><span style=\"color: #ffffff;\">Seecontainer als Lagerfl\u00e4che ab sofort zu mieten (z. B. zur Einlagerung von M\u00f6beln, Hausrat, Flohmarktware; bei Umz\u00fcgen usw., oder aus als zus\u00e4tzliche Lagerfl\u00e4che f\u00fcr ihren Betrieb)<\/span><\/p>\n<h6 style=\"text-align: center;\"><span style=\"color: #ffffff; font-size: large;\">Oder einfach Leasen! <\/span><\/h6>\n<p style=\"text-align: center;\"><span style=\"color: #ffffff;\">Wir stellen unsere Seecontainer (Neuware) an Ihrem Wunschort auf.<br \/>Die Liefer- und Setzkosten werden dabei in Rechnung gestellt<\/span><\/p>\n<h6 style=\"text-align: center;\"><span style=\"color: #ffffff; font-size: large;\">Ausstattung Container<br \/><\/span><\/h6>\n<p style=\"text-align: center;\"><span style=\"color: #ffffff;\">&#8211; sauber und trocken<\/span><br \/><span style=\"color: #ffffff;\">&#8211; wasserfester Hartholzboden<\/span><br \/><span style=\"color: #ffffff;\">&#8211; inkl. Containervlies zur Aufnahme von Kondenswasser und Wasserdampf, als Schutz gegen Feutigkeitssch\u00e4den<\/span><br \/><span style=\"color: #ffffff;\">&#8211; abschlie\u00dfbar<\/span><br \/><span style=\"color: #ffffff;\">&#8211; ebenerdiges Gel\u00e4nde<\/span><br \/><span style=\"color: #ffffff;\">&#8211; 24 Stunden zug\u00e4nglich<\/span><br \/><span style=\"color: #ffffff;\">&#8211; Innenma\u00dfe: L: 5,89 m, B: 2,35 m, H. 2,69 m \/ 2,39 m<\/span><\/p>\n<p style=\"text-align: center;\"><span style=\"color: #ffffff;\">Modalit\u00e4ten:<\/span><br \/><span style=\"color: #ffffff;\">&#8211; flexible Laufzeiten ab einem Monat (egal ob kurz oder lang)<\/span><br \/><span style=\"color: #ffffff;\">&#8211; zzgl. Miete und Kaution<\/span><\/p>\n<p style=\"text-align: center;\"><span style=\"color: #ffffff;\">Bei Interesse melden Sie sich bitte per eMail (<\/span>info@containervermietung-maierhofer.de<span style=\"color: #ffffff;\">) <br \/><\/span><span style=\"color: #ffffff;\">oder telefonisch unter 08671 92 90 30 bei uns. <\/span><\/p>\n<p style=\"text-align: center;\"><span style=\"color: #ffffff;\">Angebot freibleibend und nur so lange Verf\u00fcgbarkeiten vorhanden.<\/span><\/p>\n<p>[\/et_pb_text][\/et_pb_column][\/et_pb_row][\/et_pb_section][et_pb_section fb_built=&#8220;1&#8243; admin_label=&#8220;Category&#8220; _builder_version=&#8220;4.17.1&#8243; _module_preset=&#8220;default&#8220; background_color=&#8220;RGBA(255,255,255,0)&#8220; custom_padding=&#8220;0px||0px||true|false&#8220; global_colors_info=&#8220;{}&#8220;][et_pb_row column_structure=&#8220;1_2,1_2&#8243; _builder_version=&#8220;4.17.1&#8243; _module_preset=&#8220;default&#8220; global_colors_info=&#8220;{}&#8220;][et_pb_column type=&#8220;1_2&#8243; _builder_version=&#8220;4.17.1&#8243; _module_preset=&#8220;default&#8220; global_colors_info=&#8220;{}&#8220;][et_pb_image src=&#8220;https:\/\/www.containervermietung-maierhofer.de\/wp-content\/uploads\/2022\/04\/titel-trockenbau-klein-maierhofer4-1.jpg&#8220; title_text=&#8220;titel-trockenbau-klein-maierhofer4&#8243; url=&#8220;https:\/\/www.trockenbau-maierhofer.de&#8220; url_new_window=&#8220;on&#8220; _builder_version=&#8220;4.17.1&#8243; _module_preset=&#8220;default&#8220; animation_style=&#8220;fold&#8220; global_colors_info=&#8220;{}&#8220;][\/et_pb_image][\/et_pb_column][et_pb_column type=&#8220;1_2&#8243; _builder_version=&#8220;4.17.1&#8243; _module_preset=&#8220;default&#8220; global_colors_info=&#8220;{}&#8220;][et_pb_image src=&#8220;https:\/\/www.containervermietung-maierhofer.de\/wp-content\/uploads\/2022\/04\/titel-maihomes-klein-maierhofer4-1.jpg&#8220; title_text=&#8220;titel-maihomes-klein-maierhofer4&#8243; url=&#8220;https:\/\/www.maihomes.de&#8220; url_new_window=&#8220;on&#8220; _builder_version=&#8220;4.17.1&#8243; _module_preset=&#8220;default&#8220; animation_style=&#8220;fold&#8220; global_colors_info=&#8220;{}&#8220;][\/et_pb_image][\/et_pb_column][\/et_pb_row][\/et_pb_section]<\/p>\n","protected":false},"excerpt":{"rendered":"<p>So finden Sie uns August-Unterholzner-Str. 6 \u00b7 84543 Winh\u00f6ringTel. 08671 &#8211; 92 90 3-0 \u00b7 info@containervermietung-maierhofer.de\u00a0\u00a0\u00a0\u00a0\u00a0 Heute Mieten &#8211; Morgen einr\u00e4umen! Seecontainer als Lagerfl\u00e4che ab sofort zu mieten (z. B. zur Einlagerung von M\u00f6beln, Hausrat, Flohmarktware; bei Umz\u00fcgen usw., oder aus als zus\u00e4tzliche Lagerfl\u00e4che f\u00fcr ihren Betrieb) Oder einfach Leasen! Wir stellen unsere Seecontainer (Neuware) [&hellip;]<\/p>\n","protected":false},"author":1,"featured_media":0,"parent":0,"menu_order":0,"comment_status":"closed","ping_status":"closed","template":"","meta":{"_et_pb_use_builder":"on","_et_pb_old_content":"<!-- wp:heading -->\n<h2>Containervermietung Maierhofer <br>August-Unterholzner-Str. 6 \u00b7 84543 Winh\u00f6ring<\/h2>\n<!-- \/wp:heading -->","_et_gb_content_width":"","footnotes":""},"class_list":["post-29","page","type-page","status-publish","hentry"],"_links":{"self":[{"href":"https:\/\/www.containervermietung-maierhofer.de\/index.php?rest_route=\/wp\/v2\/pages\/29","targetHints":{"allow":["GET"]}}],"collection":[{"href":"https:\/\/www.containervermietung-maierhofer.de\/index.php?rest_route=\/wp\/v2\/pages"}],"about":[{"href":"https:\/\/www.containervermietung-maierhofer.de\/index.php?rest_route=\/wp\/v2\/types\/page"}],"author":[{"embeddable":true,"href":"https:\/\/www.containervermietung-maierhofer.de\/index.php?rest_route=\/wp\/v2\/users\/1"}],"replies":[{"embeddable":true,"href":"https:\/\/www.containervermietung-maierhofer.de\/index.php?rest_route=%2Fwp%2Fv2%2Fcomments&post=29"}],"version-history":[{"count":39,"href":"https:\/\/www.containervermietung-maierhofer.de\/index.php?rest_route=\/wp\/v2\/pages\/29\/revisions"}],"predecessor-version":[{"id":188,"href":"https:\/\/www.containervermietung-maierhofer.de\/index.php?rest_route=\/wp\/v2\/pages\/29\/revisions\/188"}],"wp:attachment":[{"href":"https:\/\/www.containervermietung-maierhofer.de\/index.php?rest_route=%2Fwp%2Fv2%2Fmedia&parent=29"}],"curies":[{"name":"wp","href":"https:\/\/api.w.org\/{rel}","templated":true}]}}